{"id":324,"date":"2016-01-22T16:10:37","date_gmt":"2016-01-22T21:10:37","guid":{"rendered":"http:\/\/claudiabeauregard.com\/blog\/?page_id=324"},"modified":"2019-09-05T10:52:35","modified_gmt":"2019-09-05T14:52:35","slug":"sites-web-wordpress","status":"publish","type":"page","link":"https:\/\/claudiabeauregard.com\/blog\/sites-web-wordpress\/","title":{"rendered":"Sites web WordPress"},"content":{"rendered":"<h2>Conception de sites web WordPress et r\u00e9daction SEO<\/h2>\n<p>Voici les\u00a0derniers sites web WordPress\u00a0que nous avons mis en ligne &#8211; conception, r\u00e9daction, SEO, graphisme, programmation.<\/p>\n<ul>\n<li><em>Technologies Demtroys\u00a0<\/em>: \u00a0kiosque, documents de vente, site web, strat\u00e9gies de commercialisation, strat\u00e9gies d\u2019indexation dans les moteurs de recherche, capsules web, pour ce manufacturier dans les technologies pour optimiser l\u2019efficacit\u00e9 \u00e9nerg\u00e9tique\u00a0<a href=\"http:\/\/claudiabeauregard.com\/www.demtroys.com\">www.demtroys.com<\/a><\/li>\n<li><em>Valoris &#8211;\u00a0<\/em>conception de plans de communication, sites web, conf\u00e9rence de presse, objets promotionnels, veilles strat\u00e9giques,\u00a0publicit\u00e9s et autres outils de d\u00e9veloppement pour ce parc \u00e9co-industriel\u00a0<a href=\"http:\/\/www.valoris-estrie.com\/\">www.valoris-estrie.com<\/a> et\u00a0 <a href=\"https:\/\/letvaloris.com\/\">https:\/\/letvaloris.com\/<\/a><br \/>\n<em><br \/>\n<\/em><\/li>\n<li><em>Maison Usinex \u2013 <\/em>strat\u00e9gies marketing, outils de vente, publicit\u00e9s imprim\u00e9es et t\u00e9l\u00e9, conception web, SEO, Google Adwords, \u00a0pour ce fabricant de maisons usin\u00e9es <a href=\"http:\/\/www.maisonusinex.com\/\" target=\"_blank\" rel=\"noopener noreferrer\">www.maisonusinex.com<\/a><\/li>\n<\/ul>\n<ul>\n<li><em>PAA \u2013 pi\u00e8ces d\u2019auto et fournitures industrielles\u00a0<\/em>\u2013 coaching, plan de communication, positionnement commercial,\u00a0d\u00e9veloppement d\u2019affaires, conception du nom, du logo, sites web, brochure et des outils de vente <a href=\"http:\/\/www.paangus.ca\/\" target=\"_blank\" rel=\"noopener noreferrer\">www.paangus.ca<\/a><\/li>\n<\/ul>\n<ul>\n<li><em>Dauphinais<\/em> \u2013 conception de plans d\u2019action marketing, d\u00e9veloppement de strat\u00e9gies pour liquider des produits en stock,\u00a0optimisation de la performance du site internet,\u00a0 campagnes Adwords et SEO, d\u00e9veloppement d\u2019un nouveau positionnement commercial, cr\u00e9ation d\u2019outils de vente, sites web et augmentation de la notori\u00e9t\u00e9 de ce manufacturier de comptoirs r\u00e9frig\u00e9r\u00e9s <a href=\"http:\/\/www.dauphinais.co\/\" target=\"_blank\" rel=\"noopener noreferrer\">www.dauphinais.co<\/a> et <a href=\"http:\/\/comptoirsrefrigeres.com\/\" target=\"_blank\" rel=\"noopener noreferrer\">http:\/\/comptoirsrefrigeres.com<\/a><\/li>\n<\/ul>\n<p><a href=\"http:\/\/claudiabeauregard.com\/blog\/a-propos-claudia\/claudia@claudiabeauregard.com\" target=\"_blank\" rel=\"noopener noreferrer\">Contactez-moi <\/a>pour conna\u00eetre mes nombreux mandats et les strat\u00e9gies pour\u00a0augmenter votre positionnement dans Google.<\/p>\n<p><a href=\"http:\/\/www.dauphinais.co\" target=\"_blank\" rel=\"noopener noreferrer\"><img decoding=\"async\" loading=\"lazy\" class=\"alignleft wp-image-369 size-thumbnail\" title=\"Site web wordpress dauphinais\" src=\"http:\/\/claudiabeauregard.com\/blog\/wp-content\/uploads\/2016\/01\/site_web_wordpress_dauphinais-150x150.png\" alt=\"site web wordpress dauphinais\" width=\"150\" height=\"150\" \/><\/a><\/p>\n<h3><a href=\"http:\/\/www.valoris-estrie.com\/\" target=\"_blank\" rel=\"noopener noreferrer\"><img decoding=\"async\" loading=\"lazy\" class=\"wp-image-368 size-thumbnail alignnone\" title=\"realisation site web wordpress usinex\" src=\"http:\/\/claudiabeauregard.com\/blog\/wp-content\/uploads\/2016\/01\/Realisation_siteweb_wordpress_usinex-150x150.png\" alt=\"realisation site web wordpress usinex\" width=\"150\" height=\"150\" \/><img decoding=\"async\" loading=\"lazy\" class=\"alignleft wp-image-510 size-thumbnail\" title=\"Conception site web environnement\" src=\"http:\/\/claudiabeauregard.com\/blog\/wp-content\/uploads\/2016\/01\/site_web_valoris-150x150.jpg\" alt=\"site_web_valoris\" width=\"150\" height=\"150\" \/><\/a><a href=\"http:\/\/paangus.ca\" target=\"_blank\" rel=\"noopener noreferrer\"><img decoding=\"async\" loading=\"lazy\" class=\"alignleft wp-image-370 size-thumbnail\" title=\"R\u00e9alisation sites web WordPress PAA\" src=\"http:\/\/claudiabeauregard.com\/blog\/wp-content\/uploads\/2016\/01\/PAA_conception_wordpress-150x150.png\" alt=\"conception sites web WordPress PAA\" width=\"150\" height=\"150\" \/><\/a><\/h3>\n<h3><\/h3>\n<h3><\/h3>\n<h2>Les avantages des sites web WordPress<\/h2>\n<ul>\n<li style=\"list-style-type: none;\">\n<ul>WordPress est un CMS qui permet au propri\u00e9taire du site web de changer le contenu sans avoir n\u00e9cessairement \u00e0 programmer du code HTML. L\u2019interface est donc plus conviviale et permet une certaine autonomie.\u00a0 Il y a des diff\u00e9rences a consid\u00e9rer avant de cr\u00e9er votre site web avec WordPress.org ou\u00a0Wordpress.com. Avec le premier, vous \u00eates propri\u00e9taire des donn\u00e9es et avez plus de contr\u00f4le. Il permet un meilleur r\u00e9f\u00e9rencement dans les moteurs de recherche, l\u2019ajout de plug-in pour \u00eatre plus efficace, la personnalisation du gabarit, par contre, vous devez payer un h\u00e9bergement et un nom de domaine puis g\u00e9rer les mises \u00e0 jour contrairement au WordPress.com. \u00a0Du fait que c&rsquo;est gratuit\u00a0avec le WordPress.com, celui-ci\u00a0peut en \u00e9change mettre des publicit\u00e9s sur votre site web.<\/ul>\n<\/li>\n<\/ul>\n","protected":false},"excerpt":{"rendered":"<p>Conception de sites web WordPress et r\u00e9daction SEO Voici les\u00a0derniers sites web WordPress\u00a0que nous avons mis en ligne &#8211; conception, r\u00e9daction, SEO, graphisme, programmation. Technologies Demtroys\u00a0: \u00a0kiosque, documents de vente, site web, strat\u00e9gies de commercialisation, strat\u00e9gies d\u2019indexation dans les moteurs de recherche, capsules web, pour ce manufacturier dans les technologies pour optimiser l\u2019efficacit\u00e9 \u00e9nerg\u00e9tique\u00a0www.demtroys.com Valoris [&hellip;]<\/p>\n","protected":false},"author":2,"featured_media":0,"parent":0,"menu_order":0,"comment_status":"closed","ping_status":"closed","template":"","meta":[],"_links":{"self":[{"href":"https:\/\/claudiabeauregard.com\/blog\/wp-json\/wp\/v2\/pages\/324"}],"collection":[{"href":"https:\/\/claudiabeauregard.com\/blog\/wp-json\/wp\/v2\/pages"}],"about":[{"href":"https:\/\/claudiabeauregard.com\/blog\/wp-json\/wp\/v2\/types\/page"}],"author":[{"embeddable":true,"href":"https:\/\/claudiabeauregard.com\/blog\/wp-json\/wp\/v2\/users\/2"}],"replies":[{"embeddable":true,"href":"https:\/\/claudiabeauregard.com\/blog\/wp-json\/wp\/v2\/comments?post=324"}],"version-history":[{"count":28,"href":"https:\/\/claudiabeauregard.com\/blog\/wp-json\/wp\/v2\/pages\/324\/revisions"}],"predecessor-version":[{"id":539,"href":"https:\/\/claudiabeauregard.com\/blog\/wp-json\/wp\/v2\/pages\/324\/revisions\/539"}],"wp:attachment":[{"href":"https:\/\/claudiabeauregard.com\/blog\/wp-json\/wp\/v2\/media?parent=324"}],"curies":[{"name":"wp","href":"https:\/\/api.w.org\/{rel}","templated":true}]}}