{"id":204,"date":"2016-01-19T20:48:21","date_gmt":"2016-01-19T19:48:21","guid":{"rendered":"http:\/\/claudiabeauregard.com\/blog\/?page_id=204"},"modified":"2016-02-03T16:38:36","modified_gmt":"2016-02-03T21:38:36","slug":"redaction-web","status":"publish","type":"page","link":"https:\/\/claudiabeauregard.com\/blog\/redaction-web\/","title":{"rendered":"R\u00e9daction web"},"content":{"rendered":"<p>La r\u00e9daction de votre site web est l&rsquo;\u00e9tape la plus importante si vous voulez que vos clients potentiels\u00a0trouvent votre site web dans Google et qu&rsquo;ils aient envie de vous contacter gr\u00e2ce \u00e0 des messages cl\u00e9s. \u00a0Pour bien concevoir votre <strong>r\u00e9daction web<\/strong>\u00a0<b>optimis\u00e9e pour les moteurs de recherche (SEO)<\/b>\u00a0il faut<\/p>\n<ul>\n<li>d\u00e9terminer votre positionnement commercial pour bien vous d\u00e9marquer<img decoding=\"async\" loading=\"lazy\" class=\"alignleft wp-image-396 size-full\" title=\"r\u00e9daction web indexation google\" src=\"http:\/\/claudiabeauregard.com\/blog\/wp-content\/uploads\/2016\/01\/1454554042_local_SEO_2__.png\" alt=\"r\u00e9daction web optimisation seo\" width=\"128\" height=\"128\" \/><\/li>\n<li>analyser les mots cl\u00e9s pertinents pour vos clients et dans l&rsquo;univers du web versus la concurrence<\/li>\n<li>\u00e9laborer des descriptifs attrayants, clairs et int\u00e9ressants de vos services et produits<\/li>\n<li>concevoir la structure de votre site web en lien avec les mots cl\u00e9s et votre message de vente<\/li>\n<li>ins\u00e9rer ces mots cl\u00e9s de fa\u00e7on strat\u00e9gique dans les images, titres, metadescriptions, URL, H1, H2, etc.<\/li>\n<\/ul>\n<h2>Collaborer avec un\u00a0expert en r\u00e9daction\u00a0web\u00a0SEO<\/h2>\n<p>Si vous souhaitez \u00eatre totalement autonome, j&rsquo;offre des\u00a0s\u00e9ances de coaching pour vous aider \u00e0 comprendre et \u00e0 pr\u00e9parer certains \u00e9l\u00e9ments de la liste ci-haut. \u00a0Par contre, c&rsquo;est souvent plus rentable de s&rsquo;entendre sur une banque d&rsquo;heures pour que je puisse vous aider au maximum \u00e0 vous mettre en valeur surtout pour les pages\u00a0principales.<\/p>\n<p>Selon votre budget, vos comp\u00e9tences et int\u00e9r\u00eats, vous avez diff\u00e9rentes options pour concevoir ou mettre \u00e0 jour votre site web. \u00a0Vous pouvez travailler avec une <a href=\"http:\/\/www.claudiabeauregard.com\" target=\"_blank\">agence de communication<\/a> ou avec des travailleurs autonomes : un webmestre, un programmeur\/int\u00e9grateur, un designer et un <a href=\"mailto:claudia@claudiabeauregard.com\" target=\"_blank\">r\u00e9dacteur web SEO<\/a>. \u00a0Si vous optez pour un site avec un CMS comme WordPress, vous pouvez minimiser vos d\u00e9penses en graphisme, en programmation, mais vous devez investir du temps pour apprendre \u00e0 g\u00e9rer le tout. \u00a0Et gardez en t\u00eate que vous ne pourrez pas obtenir les m\u00eames r\u00e9sultats que des gens qui ont plus de 15 ans d&rsquo;exp\u00e9rience avec des succ\u00e8s\u00a0concrets. En consid\u00e9rant vos objectifs et les comp\u00e9tences n\u00e9cessaires, je vous proposerai des solutions et pourrai g\u00e9rer le tout avec vous.<\/p>\n<p>Envoyez-moi un <a href=\"mailto:claudia@claudiabeauregard.com\" target=\"_blank\">courriel<\/a>\u00a0pour savoir comment je peux vous aider.<\/p>\n<p><img decoding=\"async\" loading=\"lazy\" class=\"alignleft wp-image-219 size-full\" title=\"r\u00e9daction web inspiration aurore bor\u00e9ale\" src=\"http:\/\/claudiabeauregard.com\/blog\/wp-content\/uploads\/2016\/01\/redaction_web_claudia_beauregard.jpg\" alt=\"r\u00e9daction web aurore bor\u00e9ale claudia beauregard\" width=\"1080\" height=\"350\" srcset=\"https:\/\/claudiabeauregard.com\/blog\/wp-content\/uploads\/2016\/01\/redaction_web_claudia_beauregard.jpg 1080w, https:\/\/claudiabeauregard.com\/blog\/wp-content\/uploads\/2016\/01\/redaction_web_claudia_beauregard-300x97.jpg 300w, https:\/\/claudiabeauregard.com\/blog\/wp-content\/uploads\/2016\/01\/redaction_web_claudia_beauregard-768x249.jpg 768w, https:\/\/claudiabeauregard.com\/blog\/wp-content\/uploads\/2016\/01\/redaction_web_claudia_beauregard-1024x332.jpg 1024w\" sizes=\"(max-width: 1080px) 100vw, 1080px\" \/><\/p>\n","protected":false},"excerpt":{"rendered":"<p>La r\u00e9daction de votre site web est l&rsquo;\u00e9tape la plus importante si vous voulez que vos clients potentiels\u00a0trouvent votre site web dans Google et qu&rsquo;ils aient envie de vous contacter gr\u00e2ce \u00e0 des messages cl\u00e9s. \u00a0Pour bien concevoir votre r\u00e9daction web\u00a0optimis\u00e9e pour les moteurs de recherche (SEO)\u00a0il faut d\u00e9terminer votre positionnement commercial pour bien vous [&hellip;]<\/p>\n","protected":false},"author":2,"featured_media":0,"parent":0,"menu_order":0,"comment_status":"closed","ping_status":"closed","template":"","meta":[],"_links":{"self":[{"href":"https:\/\/claudiabeauregard.com\/blog\/wp-json\/wp\/v2\/pages\/204"}],"collection":[{"href":"https:\/\/claudiabeauregard.com\/blog\/wp-json\/wp\/v2\/pages"}],"about":[{"href":"https:\/\/claudiabeauregard.com\/blog\/wp-json\/wp\/v2\/types\/page"}],"author":[{"embeddable":true,"href":"https:\/\/claudiabeauregard.com\/blog\/wp-json\/wp\/v2\/users\/2"}],"replies":[{"embeddable":true,"href":"https:\/\/claudiabeauregard.com\/blog\/wp-json\/wp\/v2\/comments?post=204"}],"version-history":[{"count":16,"href":"https:\/\/claudiabeauregard.com\/blog\/wp-json\/wp\/v2\/pages\/204\/revisions"}],"predecessor-version":[{"id":409,"href":"https:\/\/claudiabeauregard.com\/blog\/wp-json\/wp\/v2\/pages\/204\/revisions\/409"}],"wp:attachment":[{"href":"https:\/\/claudiabeauregard.com\/blog\/wp-json\/wp\/v2\/media?parent=204"}],"curies":[{"name":"wp","href":"https:\/\/api.w.org\/{rel}","templated":true}]}}